-11) + (-22 - -2)?
-11
Calculate 5 - -5 - (-10 + 3 + -5 - -5).
17
-7 + -47 + 14 + 51
11
Evaluate 4 + -15 + 4 + 9 + (-10 - 4).
-12
Evaluate 66 - (59 + -24) - 36.
-5
What is -2 + 2 - ((-5 - (1 + -7)) + -5)?
4
-4 - -1 - -10 - (10 - (10 - 9))
-2
What is (2 - (20 - 5)) + -11?
-24
What is -23 - (-3 + -15 + -3 + 18)?
-20
What is 3 + 1 - 2 - -2?
4
Evaluate (3 - 13) + (-10 - (-58 + 53)).
-15
What is the value of 7 - (21 + -18 + (0 - -10))?
-6
Evaluate -12 - (-13 - -11) - -4.
-6
What is the value of -1 - 2 - -5 - ((4 - -33) + -27)?
-8
(-10 - -7 - 2) + 12
7
(-4 - 10) + 14 - (0 - -1)
-1
What is (10 - 8) + 12 + (-16 - -5)?
3
Calculate (13 + (1 - 4) - (58 + -52)) + 10.
14
Calculate 2 + -4 + 8 - 1 - 12 - -1.
-6
What is 0 - 7 - (-90 - -87)?
-4
(17 - (8 - (17 - 9) - -9)) + 13
21
Evaluate -31 + -17 + 20 - -17.
-11
-2 + (1 - -14) + -1
12
Calculate 6 + (31 + -12 + -1 - 17).
7
What is the value of -6 + -13 + -5 + 13 + 3 + 0?
-8
Calculate 27 - (12 + 1) - 4.
10
What is the value of -13 - -26 - (4 + -1)?
10
What is -1 + -15 - -10 - ((-3 - 4) + 0)?
1
-27 - (-10 - 6 - 3)
-8
Calculate 9 + (-4 - -4) + 6 + (-3 - -5).
17
What is -74 - (19 - (22 - -35))?
-36
-5 - (8 - (-3 - (3 - 4 - 5)))
-10
What is 2 + (0 - -1) - (53 - 48 - 7)?
5
Calculate -23 + -2 + 1 - (13 + -101 + 80).
-16
Evaluate (2 + -1 + -7 - -4) + (4 - -1).
3
-25 + 29 + (-4 - -4)
4
Calculate -4 + (30 - (3 + -21 + 15 + -4)).
33
What is (9 - (6 - 8)) + -7?
4
Evaluate -4 + -4 + 16 + 18 + 18 + -25.
19
Evaluate (-9 - (1 + -5)) + 4 + 1.
0
-3 - (5 - (17 - 11))
-2
What is the value of -40 + 30 + -16 - -8?
-18
Evaluate 25 + (4 - (68 + -16)).
-23
What is 12 + -6 + -7 - (-13 + -5 - 6)?
23
-4 + (22 + -9 + -4 - 10)
-5
What is the value of 117 - 110 - (-1 + 8)?
0
6 + -11 + -4 + 3 + -4 + 3
-7
Calculate -11 + (2 - -33) + -12.
12
What is 6 - (-1 + 15 + 31 + -33)?
-6
Calculate (-84 - -107) + (-17 - 2).
4
2 - (-8 + 1 - (5 - (-3 + 8)))
9
Calculate 15 - (2 + 9 + 0).
4
What is (13 + -8 - 2 - -4 - -18) + -4?
21
Evaluate (-2 + 5 - 0 - 0) + -13.
-10
What is -13 + 8 + 0 + 26?
21
Evaluate 45 - (-75 + 48) - 35.
37
Evaluate 10 - (-30 - -13 - -26).
1
What is the value of 0 + 6 + -17 + 10?
-1
221 - 217 - (16 + 2 + 0)
-14
What is the value of 11 - 6 - (-12 + 10 + (0 - 0))?
7
What is 3 + 35 + -45 + (2 - -14)?
9
What is the value of 2 + (9 - 11 - -9)?
9
(-5 - (13 + -3 + (1 - 3))) + 4
-9
Calculate 1 - 9 - (57 + -58).
-7
What is the value of -8 - (1 + -3) - (-2 - -4 - 1)?
-7
Calculate 7 - 13 - -7 - 10.
-9
Evaluate 1 + 1 + 23 + 161 + -168 + 7.
25
(-5 - -3 - -16) + -9 - (13 + 0)
-8
Evaluate 30 + (-7 + (6 - 4) - (6 + -7)).
26
What is the value of 0 - (-10 - (-30 + 6)) - -30?
16
Calculate (-2 + (3 - 5) - -2) + -6 + -3.
-11
Evaluate 42 + (-30 - 0 - (134 - 148)).
26
What is -7 + (-8 + 0 - (-47 + 40) - -1)?
-7
Calculate 0 - -1 - ((-37 - -35) + (-3 - -6)).
0
Calculate (-8 - (1 - -1) - 18) + 6 + 4.
-18
What is the value of -33 + 30 + (-25 - -52)?
24
What is 13 - (17 - (29 - 12)) - 3?
10
What is the value of (-1 - (-4 + -5)) + -11?
-3
Calculate 0 + (-1 - -8) - (-37 + 3 + 31).
10
-20 + -1 + 16 - -5
0
Calculate 8 + -2 + 1 - (-2 + (-15 - -35)).
-11
What is 20 + -48 + 10 + 22?
4
Calculate -17 + 13 + 21 + -14.
3
-9 - (-6 + 15 + -13 + -1 + 1)
-5
Calculate 1 + -7 - (-15 - -6).
3
-17 - (7 + (-1 - 13))
-10
11 + -11 + -2 - -1
-1
Evaluate 3 - 5 - (-8 + 19 + -9 - -5).
-9
What is -1 + 2 + 1 + (-8 - -3 - 12)?
-15
What is 6 + (0 - -1) + (-68 - -62)?
1
Calculate 11 + (-7 + 0 - 0 - (0 + -6)).
10
What is -2 + 7 - (-17 + 35 - 9)?
-4
What is 13 - (-11 + 22 - 8)?
10
(11 + 9 + -8 - 9) + 4
7
Evaluate 24 - (29 - (2 - 5)).
-8
Calculate -6 + -1 + (18 - (54 - 58)).
15
Calculate 11 - 0 - (60 - (37 - -15)).
3
-16 - -26 - (-12 - (-29 - -8))
1
What is the value of -6 - (0 - (0 + 8 + -3))?
-1
Evaluate 1 + (10 - (29 + -19)).
1
What is -4 - -1 - (48 - 45) - (11 + 0)?
-17
What is the value of 13 - ((-12 - (14 - 8)) + 7)?
24
Calculate 17 + -10 - 4 - 12.
-9
Calculate -341 + 328 - (-19 - 2).
8
What is the value of (1 - ((1 - 0) + -21 + 10)) + -30?
-19
Evaluate -7 - -19 - (-5 + 4 + -2 - -8).
7
What is 3 + -6 - (1 + 11 + -12)?
-3
(23 - 19) + (-7 - -3)
0
What is -80 + 97 + (-1 - 8)?
8
Evaluate (8 - (24 - (18 + -10)) - 10) + 6.
-12
Calculate -9 - -21 - 3 - 20.
-11
What is the value of (13 - (12 + -5 + -3)) + 6 + 2?
17
Calculate -3 + -4 + 16 + -22 + -7.
-20
What is -33 + 14 - (-11 + 7 + -6)?
-9
Calculate -2 + -5 + 138 + -115.
16
What is the value of 2 + 4 + -15 + 14?
5
What is -4 + -7 + (-2 - (-16 + 7))?
-4
What is 108 - 121 - ((-3 - -4 - 1) + 3)?
-16
What is the value of (-5 + 3 - (4 + -4)) + 11 + -2?
7
Evaluate -3 - (-4 - (6 + -1 + -10)).
-4
Evaluate 11 - (-4 + 7) - ((9 - 3) + 14).
-12
-3 - 6 - (2 + -5) - (10 + -9)
-7
Evaluate 6 + (5 - (-10 - -9)).
12
What is the value of 0 + 26 + -119 + 88?
-5
Evaluate -8 + (-13 + 2 - -4) + 19.
4
What is the value of 4 - (-37 + 29 - -23)?
-11
Calculate (-4 - (-7 - 8)) + -12 - (1 + 18).
-20
Evaluate 36 - (32 + (-32 - -32)).
4
What is the value of -6 + (-10 - -5 - -19)?
8
What is (-11 - (-8 - -2 - -2)) + 23?
16
Evaluate -111 - -103 - (1 + 1 + -2).
-8
What is the value of (-18 - -17 - (-2 + -10)) + (12 - 2)?
21
(228 - 207) + (0 - 5)
16
What is the value of -6 - (-31 - (-1 + -21))?
3
Calculate 7 + (6 - -2 - 14).
1
Calculate (-1 - (0 - 10)) + (-4 - -1) - 6.
0
Evaluate 0 + (-5 - 2 - -5) + 21 - 2.
17
What is the value of -14 - (1 + -2 + -6 + (17 - 8))?
-16
-22 + (-3 - -24 - 4) + -13
-18
Calculate (-20 + 1 - -5) + (55 - 38).
3
Calculate 39 + (-80 - (-36 + -7)).
2
What is the value of 17 - (-10 + 24) - 13?
-10
What is the value of -7 - 0 - (21 - 21 - (0 - 4))?
-11
What is the value of 16 + -3 - (-36 + 33)?
16
What is -10 + (10 - (-4 - -2)) + -1 + 19?
20
What is the value of 0 - 4 - (-68 + 62)?
2
Calculate (2 - -1) + (48 - 47) + 12 + -20.
-4
Evaluate 3 - 19 - (-66 - -64).
-14
What is the value of -14 - (-15 + (9 - -6))?
-14
What is 1 + 5 + -9 + (4 - -2)?
3
What is the value of 5 - 3 - (12 + -1 - 0)?
-9
Evaluate -17 + 8 + 8 - -12.
11
Calculate (1 - (0 - (7 - 2))) + -49 + 46.
3
Evaluate (11 - (-5 + 8)) + (10 - 9).
9
What is (1 - 10) + 2 + -201 + 207?
-1
Evaluate 220 + -216 + (10 - (-1 + 1)).
14
Evaluate (-18 - -8) + (-9 - -3).
-16
Calculate (-3 - (-1 - -2)) + -5 + -2.
-11
Evaluate 12 + (0 - -2) + 73 + -77.
10
Evaluate -9 - (9 + -14) - -5.
1
What is the value of 0 + -3 - (-8 - (-7 - (-1 + 4)))?
-5
Calculate (-1 - -12) + (-4 - (-18 - -1)).
24
What is the value of -2 + -10 + 10 + 7 + -3 + 5?
7
What is -3 + 12 + -15 + -9 + (2 - -1)?
-12
8 + (15 - (-7 - -26))
4
Calculate (4 + -7 - (0 + 1 + 0)) + -14.
-18
What is 1939 - 1899 - (37 - -1)?
2
Evaluate 41 + -44 + -8 + 19.
8
What is the value of (-1 - -6) + (-20 - 5 - -33)?
13
What is the value of (-114 - -112) + 0 + 12?
10
Evaluate -25 - (-3 + 3 - ((10 - 5) + -7)).
-27
Calculate (-3 + -3 + 3 - 1) + -9.
-13
Calculate 74 - (22 + 12) - 33.
7
Evaluate 3 - 3 - -15 - (0 - -11).
4
1 + 4 + -6 - (-31 - -39)
-9
Evaluate 3 + -1 + -1 - (233 - 229).
-3
Calculate ((0 - 2) + 5 - 12) + 594 + -604.
-19
Evaluate (4 - -2) + -13 - (-16 - -4).
5
What is 13 - (17 - 8) - 13 - 3?
-12
-31 + (18 - 4) + 18
1
What is the value of 0 + -3 + 228 + -236?
-11
2 + -13 + 3 - -6 - -7
5
What is -11 + 59 + 3 + -26?
25
Calculate 0 + (-7 + 9 + -5 - -4).
1
What is (36 - -6) + -10 - (7 - -8)?
17
Calculate 4 + (-6 - (-3 - 0)) + -12.
-11
126 + -111 + -2 + -5
8
Calculate 1 + 7 + 84 + -109 + (-8 - -15).
-10
(-6 - ((11 - 5) + -18)) + -10 + 8
4
Evaluate -35 - -7 - (-5 - (5 - 0)).
-18
Evaluate 15 + -10 - (1 - 6) - (-244 + 222).
32
Calculate (-68 - -40) + 71 - 31.
12
Calculate -1 + -17 - (-48 - -47 - (1 + 2)).
-14
Evaluate 1 - (-5 - ((2 - (10 - 7)) + 7)).
12
What is -7 - 1 - (172 - 184)?
4
3 + 6 + 2 + -11
0
Evaluate (-5 + 23 + -28 - -4) + -1 + -15.
-22
What is 26 + 1 + (14 + 12 - 35)?
18
Evaluate 8 - 4 - (14 + 1 + (1 - -1)).
-13
Calculate 16 + (1 - -9 - 14).
12
Evaluate 4 + (8 - (7 - -12)).
-7
What is (-29 - (12 + -4)) + 0 + 8 + -2?
-31
What is the value of -18 + 10 + (1 - -3 - 0) + -1?
-5
What is the value of -21 + 23 + -15 - -20?
7
What is the value of -33 - (-25 + (-9 - -23) + 8)?
-30
What is 11 - -1 - (-527 + 523)?
16
What is the value of (7 - 9) + -1 + 4?
1
Evaluate -52 - -51 - (0 - (-1 - -2)).
0
What is the value of (8 - (-8 + 29)) + 16 + 2?
5
What is the value of 5 + -4 + (0